mmon factor of w and g.
5
Let u be 384/(-14)*(-8 + 1). Let v = -102 + u. Calculate the highest common divisor of 36 and v.
18
Suppose 19217 = 20*i - 11803. What is the highest common divisor of i and 33?
33
Suppose 16 = v + 3*v. Suppose 8*p - 4 = v. What is the greatest common divisor of 2 and p?
1
Let b(a) = a**2 - 15*a + 16. Let o be b(14). Suppose -6*k = -o*k - 32. Let v be -3 + k + (-3 - 0). Calculate the greatest common divisor of 4 and v.
2
Let u be ((-160)/(-200))/((-13)/15 + 1). What is the highest common divisor of 3 and u?
3
Suppose 0 = 4*q + 5*c - 100, -2*q + 0*c + c = -36. Let i be (q/(-16))/(2/88). Let r be ((-132)/i)/((-1)/(-35)). What is the highest common divisor of 12 and r?
12
Let z = 138 - 135. Let l(m) = m + m - 19 + 9. Let v be l(8). Calculate the highest common divisor of v and z.
3
Let y be 16/(-24) - (-4)/6. Let n be (4 - 2) + y + -920. Let r be n/(-45) + (-2)/5. What is the greatest common divisor of 80 and r?
20
Let s be -2 + 1*(-1 - 3). Let k be 0 + 2 - 36/s. Calculate the highest common factor of k and 32.
8
Suppose 2*w - h - 575 = -2*w, 0 = w + 3*h - 147. Calculate the highest common factor of 9 and w.
9
Let j = -3690 - -3693. Suppose 0 = -r + 3, 3*g = -4*r + 48 + 36. What is the greatest common factor of g and j?
3
Suppose -3*r = -2*w, -w + 5*w - 3*r = 6. Let f be (w + -2 - -47) + 2. Let d = -32 + f. Calculate the highest common divisor of d and 27.
9
Let r = -20 + 380. Suppose 4*t = -2*q + 144, 0 = 5*q - 7*t + 4*t - r. What is the highest common factor of 8 and q?
8
Suppose -u + 8*u - 105 = 0. Suppose 5 = -3*d + 2*w, -d + 3*w + 4 = u. Let q be 0 - 6/3 - -6. Calculate the highest common factor of d and q.
1
Let j(q) = -3*q**3 - 6*q**2 - 3*q + 2. Let l be j(-4). Let f(c) = -42*c + 6 - 26 + 46*c. Let h be f(16). What is the highest common divisor of h and l?
22
Suppose -296 + 386 = 2*r. Calculate the highest common divisor of r and 15.
15
Let q(f) = f + 8. Let g be q(0). Suppose -g*s + s = -238. Let d = 52 + -35. Calculate the highest common divisor of d and s.
17
Let z be -416*5/(-30) - (-8)/(-6). What is the highest common divisor of z and 4?
4
Let q be (33/4)/(150/3200) - 6. What is the greatest common factor of q and 374?
34
Suppose 413*l + 320 = 418*l. Calculate the highest common factor of 320 and l.
64
Suppose 4 = 4*b, b - 23 = 2*q - 74. Calculate the highest common factor of 10 and q.
2
Suppose -4*j + 34 = -78. Let t(w) = 24*w**2 - 6*w - 2. Let q be t(3). Suppose -q = -k - 0*k. Calculate the highest common factor of k and j.
28
Let t be 1587/12 + (-3)/(-4). Calculate the highest common factor of t and 7.
7
Let y(x) = -x**2 + 19*x - 14. Let n be y(18). Suppose 2*q - 240 = -n*q. Let j = 77 - -23. What is the highest common divisor of j and q?
20
Suppose -3*o - 3*x + 4*x = 7, -4*o + 4*x - 4 = 0. Let d(j) = -60*j + 5. Let i be d(o). What is the greatest common factor of i and 37?
37
Let p = -23 - -25. Let n be 8 - p/((-4)/6). Let u(t) = -t**3 + t + 88. Let l be u(0). What is the highest common divisor of l and n?
11
Let l(w) = 0*w - 213 + 225 - 4*w. Let p be l(-15). Calculate the greatest common factor of 9 and p.
9
Suppose -25*j - 33 = -28*j. Suppose -z + j = o, 5*z - 3 = -o - 0*o. Suppose -9*x + o*x = 384. What is the greatest common divisor of 12 and x?
12
Suppose h - 5*x + 8 = 0, 0 = 4*h - 2*h + x - 28. Suppose -6 + 12 = -3*r. Let u be -1 + (14*-1)/r. What is the highest common factor of u and h?
6
Let q(i) = -15*i + i**2 + 22 - 2*i**2 + 4*i. Let b be q(-12). What is the greatest common factor of b and 15?
5
Let z = 60 + 185. Calculate the highest common divisor of z and 35.
35
Let o(a) = 3*a**2 - 2*a + 1. Let z be o(0). What is the highest common factor of 3 and z?
1
Let j be ((-734)/4 - -3)*-2. Let k = -217 + j. Suppose -5*d = -r + 11, 2*r + 2*d = -3*r + 82. What is the highest common factor of r and k?
16
Let m = 24 - 34. Let v(z) = z**2 + 8*z - 18. Let o be v(m). Let h = 32 - 18. Calculate the highest common factor of h and o.
2
Let u be (-17784)/1596*7/(-3). Suppose -p + 155 = 4*b, 0*b - 3*b = -4*p - 121. What is the greatest common factor of u and b?
13
Let l be (-2030)/(-25) - 24/20. What is the greatest common factor of 360 and l?
40
Let s be -106*(1 - 18/12). What is the highest common factor of 2809 and s?
53
Let v be (-102)/(-16) - 33/88. Suppose 0 = k - 2*d - 3 - v, 0 = -d + 5. Calculate the highest common divisor of 57 and k.
19
Let w = 87 - 45. Calculate the highest common divisor of 14 and w.
14
Let j(x) = -5*x**2 + 15*x + 7. Let b(m) = 14*m**2 - 45*m - 21. Let a(q) = 3*b(q) + 8*j(q). Let l be a(9). Calculate the highest common factor of 110 and l.
10
Let p(b) = b**3 - 2*b**2 - 5*b - 1. Let o = 14 - 10. Let j be p(o). What is the highest common divisor of j and 99?
11
Suppose 11 = 2*x + 5. Suppose -x*w - a = -734 + 228, 0 = 5*w + 3*a - 846. Calculate the highest common factor of w and 24.
24
Suppose 6*g = -8*g + 28*g - 224. Let c(h) = -4*h - 4. Let l be c(-3). Calculate the greatest common divisor of g and l.
8
Suppose 2*k + 5*r = r + 320, -k = -r - 154. Let a = 226 - k. Calculate the greatest common divisor of a and 28.
14
Let i(f) = -92*f + 559. Let o be i(6). What is the greatest common divisor of o and 343?
7
Let s(t) = 6*t**2 + 3*t - 5. Let z be s(2). Suppose z - 10 = i. What is the greatest common divisor of i and 15?
15
Let h be ((-24)/(-18))/((-1)/(-285)). Suppose -4*p + 524 = l, 4*p - 4*l = 7*p - h. What is the highest common factor of p and 24?
12
Suppose 0 = 5*t + 8 - 3. Let j = t + 15. Suppose -2*b = -b - j. Calculate the greatest common divisor of 154 and b.
14
Let w be (5160/(-8))/((-6)/4). Suppose -110 = -t - 2*g, -4*t + 3*g + w = g. What is the greatest common divisor of 24 and t?
12
Let l(h) = 4*h + 4. Let q be l(-2). Let i be (-3 - q)/((-1)/(-39)). Calculate the highest common factor of 13 and i.
13
Suppose -7*p + 2*p = 215. Let f = 51 + p. Calculate the highest common divisor of 56 and f.
8
Suppose -4*f + 8*f + 36 = 0. Let u = f - -13. Suppose -g - 43 = -3*h, u*g = -2*h + 5*g + 29. Calculate the greatest common factor of 2 and h.
2
Let f = 127 - 99. What is the greatest common divisor of f and 204?
4
Let p = -723 - -905. What is the greatest common factor of p and 104?
26
Let g be (2/(-2))/((692/172 + -4)*-1). Let a(h) = -h**2 + 215. Let z be a(0). Calculate the highest common divisor of z and g.
43
Suppose 66*a = 54*a + 168. Calculate the greatest common divisor of 301 and a.
7
Suppose 0 = -3*v + 41 - 14. Let s(m) = m. Let a be s(v). What is the highest common factor of 3 and a?
3
Let n(z) = 4*z + 21. Let l be n(7). What is the greatest common factor of 7 and l?
7
Let f be 1 + 3 + -7 + -41. Let d = 85 + f. Calculate the highest common divisor of d and 164.
41
Suppose -5*a + 20*y = 15*y - 95, 29 = a - 3*y. What is the greatest common divisor of a and 7?
7
Suppose 5*z + 26 = 1, -5*i - 2*z + 40 = 0. Suppose m = -m + 260. Calculate the highest common divisor of i and m.
10
Let d be (-22)/(((-2)/(-4))/(-1)). Let k be (-2 - 3538/(-8)) + (-2)/8. Calculate the greatest common divisor of d and k.
44
Suppose 1 + 4 = -5*n, -4*k = -2*n - 674. Calculate the highest common divisor of k and 48.
24
Let m be ((-12)/20)/((-4)/2080). Calculate the highest common divisor of m and 832.
104
Let u = -315 + 342. Calculate the highest common factor of u and 45.
9
Suppose 5*x - 25 = 0, -2*k = 5*x - 98 + 11. Calculate the greatest common divisor of 2 and k.
1
Let y(g) = -2 - 3 - 12 + 4 + 5*g. Suppose -2*f + 10 = -8. Let t be y(f). What is the greatest common factor of t and 16?
16
Let z be ((24/5)/2)/(1482/11115). Calculate the highest common divisor of 2196 and z.
18
Suppose 5*h + 5*j = 40, 20*h - 24*h - j + 44 = 0. Calculate the highest common divisor of h and 3.
3
Let l(z) = -z**3 - 16*z**2 - 13*z + 44. Let x be l(-15). What is the highest common divisor of x and 20?
2
Let w be (-8)/(-14) - (-9080)/35. What is the highest common factor of w and 20?
20
Let u be ((3 - -5) + -3)*(-2)/(-1). Let f(y) = y**2 - 10*y + 24. Let n be f(u). Calculate the greatest common factor of 8 and n.
8
Let m = 5610 + -3806. Calculate the highest common factor of 11 and m.
11
Let h(f) = f**3 + 14*f**2 - 53*f + 14. Let u be h(-17). Calculate the highest common factor of u and 208.
16
Suppose 3*m - 2*m - 144 = 0. Let 